{"id":10584,"date":"2025-06-22T18:01:16","date_gmt":"2025-06-22T18:01:16","guid":{"rendered":"https:\/\/www.sengrandplace.com\/?post_type=product&#038;p=10584"},"modified":"2025-06-22T18:14:16","modified_gmt":"2025-06-22T18:14:16","slug":"fauteuil-de-bureau-feutre-grand-rembourrage-avec-des-formes-diversifiee","status":"publish","type":"product","link":"https:\/\/www.sengrandplace.com\/?product=fauteuil-de-bureau-feutre-grand-rembourrage-avec-des-formes-diversifiee","title":{"rendered":"Fauteuil de Bureau feutr\u00e9, Grand Rembourrage avec des formes diversifi\u00e9es"},"content":{"rendered":"<p>Fauteuil ergonomique, Grand Rembourrage et r\u00e9sistant.<\/p>\n","protected":false},"excerpt":{"rendered":"<ul>\n<li>Fauteuil de Bureau ergonomique,<\/li>\n<li>Grand Rembourrage,<\/li>\n<li>R\u00e9sistant jusqu\u2019\u00e0 160 kg, Cuir\/Toile cir\u00e9e<\/li>\n<\/ul>\n","protected":false},"featured_media":10581,"comment_status":"open","ping_status":"closed","template":"","meta":[],"product_brand":[],"product_cat":[38],"product_tag":[218,217,219],"class_list":{"0":"post-10584","1":"product","2":"type-product","3":"status-publish","4":"has-post-thumbnail","6":"product_cat-mobilier-de-bureau","7":"product_tag-ergonomique","8":"product_tag-fauteil","9":"product_tag-resistant","11":"first","12":"instock","13":"shipping-taxable","14":"product-type-simple"},"yoast_head":"<!-- This site is optimized with the Yoast SEO plugin v27.6 - https:\/\/yoast.com\/product\/yoast-seo-wordpress\/ -->\n<title>Fauteuil de Bureau feutr\u00e9, Grand Rembourrage avec des formes diversifi\u00e9es<\/title>\n<meta name=\"description\" content=\"Fauteuil de Bureau feutr\u00e9, Grand Rembourrage, R\u00e9sistant jusqu\u2019\u00e0 160 kg, Cuir\/Toile cir\u00e9e\" \/>\n<meta name=\"robots\" content=\"index, follow, max-snippet:-1, max-image-preview:large, max-video-preview:-1\" \/>\n<link rel=\"canonical\" href=\"https:\/\/www.sengrandplace.com\/?product=fauteuil-de-bureau-feutre-grand-rembourrage-avec-des-formes-diversifiee\" \/>\n<meta property=\"og:locale\" content=\"fr_FR\" \/>\n<meta property=\"og:type\" content=\"article\" \/>\n<meta property=\"og:title\" content=\"Fauteuil de Bureau feutr\u00e9, Grand Rembourrage avec des formes diversifi\u00e9es\" \/>\n<meta property=\"og:description\" content=\"Fauteuil de Bureau feutr\u00e9, Grand Rembourrage, R\u00e9sistant jusqu\u2019\u00e0 160 kg, Cuir\/Toile cir\u00e9e\" \/>\n<meta property=\"og:url\" content=\"https:\/\/www.sengrandplace.com\/?product=fauteuil-de-bureau-feutre-grand-rembourrage-avec-des-formes-diversifiee\" \/>\n<meta property=\"og:site_name\" content=\"Sen Grand Place Thi\u00e8s\" \/>\n<meta property=\"article:modified_time\" content=\"2025-06-22T18:14:16+00:00\" \/>\n<meta property=\"og:image\" content=\"https:\/\/www.sengrandplace.com\/wp-content\/uploads\/2025\/06\/Chaise-ergo-01-04.png\" \/>\n\t<meta property=\"og:image:width\" content=\"6075\" \/>\n\t<meta property=\"og:image:height\" content=\"6946\" \/>\n\t<meta property=\"og:image:type\" content=\"image\/png\" \/>\n<meta name=\"twitter:card\" content=\"summary_large_image\" \/>\n<meta name=\"twitter:label1\" content=\"Dur\u00e9e de lecture estim\u00e9e\" \/>\n\t<meta name=\"twitter:data1\" content=\"1 minute\" \/>\n<script type=\"application\/ld+json\" class=\"yoast-schema-graph\">{\"@context\":\"https:\\\/\\\/schema.org\",\"@graph\":[{\"@type\":\"WebPage\",\"@id\":\"https:\\\/\\\/www.sengrandplace.com\\\/?product=fauteuil-de-bureau-feutre-grand-rembourrage-avec-des-formes-diversifiee\",\"url\":\"https:\\\/\\\/www.sengrandplace.com\\\/?product=fauteuil-de-bureau-feutre-grand-rembourrage-avec-des-formes-diversifiee\",\"name\":\"Fauteuil de Bureau feutr\u00e9, Grand Rembourrage avec des formes diversifi\u00e9es\",\"isPartOf\":{\"@id\":\"https:\\\/\\\/www.sengrandplace.com\\\/#website\"},\"primaryImageOfPage\":{\"@id\":\"https:\\\/\\\/www.sengrandplace.com\\\/?product=fauteuil-de-bureau-feutre-grand-rembourrage-avec-des-formes-diversifiee#primaryimage\"},\"image\":{\"@id\":\"https:\\\/\\\/www.sengrandplace.com\\\/?product=fauteuil-de-bureau-feutre-grand-rembourrage-avec-des-formes-diversifiee#primaryimage\"},\"thumbnailUrl\":\"https:\\\/\\\/www.sengrandplace.com\\\/wp-content\\\/uploads\\\/2025\\\/06\\\/Chaise-ergo-01-04.png\",\"datePublished\":\"2025-06-22T18:01:16+00:00\",\"dateModified\":\"2025-06-22T18:14:16+00:00\",\"description\":\"Fauteuil de Bureau feutr\u00e9, Grand Rembourrage, R\u00e9sistant jusqu\u2019\u00e0 160 kg, Cuir\\\/Toile cir\u00e9e\",\"breadcrumb\":{\"@id\":\"https:\\\/\\\/www.sengrandplace.com\\\/?product=fauteuil-de-bureau-feutre-grand-rembourrage-avec-des-formes-diversifiee#breadcrumb\"},\"inLanguage\":\"fr-FR\",\"potentialAction\":[{\"@type\":\"ReadAction\",\"target\":[\"https:\\\/\\\/www.sengrandplace.com\\\/?product=fauteuil-de-bureau-feutre-grand-rembourrage-avec-des-formes-diversifiee\"]}]},{\"@type\":\"ImageObject\",\"inLanguage\":\"fr-FR\",\"@id\":\"https:\\\/\\\/www.sengrandplace.com\\\/?product=fauteuil-de-bureau-feutre-grand-rembourrage-avec-des-formes-diversifiee#primaryimage\",\"url\":\"https:\\\/\\\/www.sengrandplace.com\\\/wp-content\\\/uploads\\\/2025\\\/06\\\/Chaise-ergo-01-04.png\",\"contentUrl\":\"https:\\\/\\\/www.sengrandplace.com\\\/wp-content\\\/uploads\\\/2025\\\/06\\\/Chaise-ergo-01-04.png\",\"width\":6075,\"height\":6946},{\"@type\":\"BreadcrumbList\",\"@id\":\"https:\\\/\\\/www.sengrandplace.com\\\/?product=fauteuil-de-bureau-feutre-grand-rembourrage-avec-des-formes-diversifiee#breadcrumb\",\"itemListElement\":[{\"@type\":\"ListItem\",\"position\":1,\"name\":\"Home\",\"item\":\"https:\\\/\\\/www.sengrandplace.com\\\/\"},{\"@type\":\"ListItem\",\"position\":2,\"name\":\"Shop\",\"item\":\"https:\\\/\\\/www.sengrandplace.com\\\/?page_id=11\"},{\"@type\":\"ListItem\",\"position\":3,\"name\":\"Fauteuil de Bureau feutr\u00e9, Grand Rembourrage avec des formes diversifi\u00e9es\"}]},{\"@type\":\"WebSite\",\"@id\":\"https:\\\/\\\/www.sengrandplace.com\\\/#website\",\"url\":\"https:\\\/\\\/www.sengrandplace.com\\\/\",\"name\":\"Sen Grand Place Thi\u00e8s\",\"description\":\"La place qui vous revient.\",\"publisher\":{\"@id\":\"https:\\\/\\\/www.sengrandplace.com\\\/#organization\"},\"potentialAction\":[{\"@type\":\"SearchAction\",\"target\":{\"@type\":\"EntryPoint\",\"urlTemplate\":\"https:\\\/\\\/www.sengrandplace.com\\\/?s={search_term_string}\"},\"query-input\":{\"@type\":\"PropertyValueSpecification\",\"valueRequired\":true,\"valueName\":\"search_term_string\"}}],\"inLanguage\":\"fr-FR\"},{\"@type\":\"Organization\",\"@id\":\"https:\\\/\\\/www.sengrandplace.com\\\/#organization\",\"name\":\"Sen Grand Place Thi\u00e8s\",\"url\":\"https:\\\/\\\/www.sengrandplace.com\\\/\",\"logo\":{\"@type\":\"ImageObject\",\"inLanguage\":\"fr-FR\",\"@id\":\"https:\\\/\\\/www.sengrandplace.com\\\/#\\\/schema\\\/logo\\\/image\\\/\",\"url\":\"https:\\\/\\\/www.sengrandplace.com\\\/wp-content\\\/uploads\\\/2024\\\/01\\\/Logo_du_site-2.jpg\",\"contentUrl\":\"https:\\\/\\\/www.sengrandplace.com\\\/wp-content\\\/uploads\\\/2024\\\/01\\\/Logo_du_site-2.jpg\",\"width\":314,\"height\":98,\"caption\":\"Sen Grand Place Thi\u00e8s\"},\"image\":{\"@id\":\"https:\\\/\\\/www.sengrandplace.com\\\/#\\\/schema\\\/logo\\\/image\\\/\"}}]}<\/script>\n<!-- \/ Yoast SEO plugin. -->","yoast_head_json":{"title":"Fauteuil de Bureau feutr\u00e9, Grand Rembourrage avec des formes diversifi\u00e9es","description":"Fauteuil de Bureau feutr\u00e9, Grand Rembourrage, R\u00e9sistant jusqu\u2019\u00e0 160 kg, Cuir\/Toile cir\u00e9e","robots":{"index":"index","follow":"follow","max-snippet":"max-snippet:-1","max-image-preview":"max-image-preview:large","max-video-preview":"max-video-preview:-1"},"canonical":"https:\/\/www.sengrandplace.com\/?product=fauteuil-de-bureau-feutre-grand-rembourrage-avec-des-formes-diversifiee","og_locale":"fr_FR","og_type":"article","og_title":"Fauteuil de Bureau feutr\u00e9, Grand Rembourrage avec des formes diversifi\u00e9es","og_description":"Fauteuil de Bureau feutr\u00e9, Grand Rembourrage, R\u00e9sistant jusqu\u2019\u00e0 160 kg, Cuir\/Toile cir\u00e9e","og_url":"https:\/\/www.sengrandplace.com\/?product=fauteuil-de-bureau-feutre-grand-rembourrage-avec-des-formes-diversifiee","og_site_name":"Sen Grand Place Thi\u00e8s","article_modified_time":"2025-06-22T18:14:16+00:00","og_image":[{"width":6075,"height":6946,"url":"https:\/\/www.sengrandplace.com\/wp-content\/uploads\/2025\/06\/Chaise-ergo-01-04.png","type":"image\/png"}],"twitter_card":"summary_large_image","twitter_misc":{"Dur\u00e9e de lecture estim\u00e9e":"1 minute"},"schema":{"@context":"https:\/\/schema.org","@graph":[{"@type":"WebPage","@id":"https:\/\/www.sengrandplace.com\/?product=fauteuil-de-bureau-feutre-grand-rembourrage-avec-des-formes-diversifiee","url":"https:\/\/www.sengrandplace.com\/?product=fauteuil-de-bureau-feutre-grand-rembourrage-avec-des-formes-diversifiee","name":"Fauteuil de Bureau feutr\u00e9, Grand Rembourrage avec des formes diversifi\u00e9es","isPartOf":{"@id":"https:\/\/www.sengrandplace.com\/#website"},"primaryImageOfPage":{"@id":"https:\/\/www.sengrandplace.com\/?product=fauteuil-de-bureau-feutre-grand-rembourrage-avec-des-formes-diversifiee#primaryimage"},"image":{"@id":"https:\/\/www.sengrandplace.com\/?product=fauteuil-de-bureau-feutre-grand-rembourrage-avec-des-formes-diversifiee#primaryimage"},"thumbnailUrl":"https:\/\/www.sengrandplace.com\/wp-content\/uploads\/2025\/06\/Chaise-ergo-01-04.png","datePublished":"2025-06-22T18:01:16+00:00","dateModified":"2025-06-22T18:14:16+00:00","description":"Fauteuil de Bureau feutr\u00e9, Grand Rembourrage, R\u00e9sistant jusqu\u2019\u00e0 160 kg, Cuir\/Toile cir\u00e9e","breadcrumb":{"@id":"https:\/\/www.sengrandplace.com\/?product=fauteuil-de-bureau-feutre-grand-rembourrage-avec-des-formes-diversifiee#breadcrumb"},"inLanguage":"fr-FR","potentialAction":[{"@type":"ReadAction","target":["https:\/\/www.sengrandplace.com\/?product=fauteuil-de-bureau-feutre-grand-rembourrage-avec-des-formes-diversifiee"]}]},{"@type":"ImageObject","inLanguage":"fr-FR","@id":"https:\/\/www.sengrandplace.com\/?product=fauteuil-de-bureau-feutre-grand-rembourrage-avec-des-formes-diversifiee#primaryimage","url":"https:\/\/www.sengrandplace.com\/wp-content\/uploads\/2025\/06\/Chaise-ergo-01-04.png","contentUrl":"https:\/\/www.sengrandplace.com\/wp-content\/uploads\/2025\/06\/Chaise-ergo-01-04.png","width":6075,"height":6946},{"@type":"BreadcrumbList","@id":"https:\/\/www.sengrandplace.com\/?product=fauteuil-de-bureau-feutre-grand-rembourrage-avec-des-formes-diversifiee#breadcrumb","itemListElement":[{"@type":"ListItem","position":1,"name":"Home","item":"https:\/\/www.sengrandplace.com\/"},{"@type":"ListItem","position":2,"name":"Shop","item":"https:\/\/www.sengrandplace.com\/?page_id=11"},{"@type":"ListItem","position":3,"name":"Fauteuil de Bureau feutr\u00e9, Grand Rembourrage avec des formes diversifi\u00e9es"}]},{"@type":"WebSite","@id":"https:\/\/www.sengrandplace.com\/#website","url":"https:\/\/www.sengrandplace.com\/","name":"Sen Grand Place Thi\u00e8s","description":"La place qui vous revient.","publisher":{"@id":"https:\/\/www.sengrandplace.com\/#organization"},"potentialAction":[{"@type":"SearchAction","target":{"@type":"EntryPoint","urlTemplate":"https:\/\/www.sengrandplace.com\/?s={search_term_string}"},"query-input":{"@type":"PropertyValueSpecification","valueRequired":true,"valueName":"search_term_string"}}],"inLanguage":"fr-FR"},{"@type":"Organization","@id":"https:\/\/www.sengrandplace.com\/#organization","name":"Sen Grand Place Thi\u00e8s","url":"https:\/\/www.sengrandplace.com\/","logo":{"@type":"ImageObject","inLanguage":"fr-FR","@id":"https:\/\/www.sengrandplace.com\/#\/schema\/logo\/image\/","url":"https:\/\/www.sengrandplace.com\/wp-content\/uploads\/2024\/01\/Logo_du_site-2.jpg","contentUrl":"https:\/\/www.sengrandplace.com\/wp-content\/uploads\/2024\/01\/Logo_du_site-2.jpg","width":314,"height":98,"caption":"Sen Grand Place Thi\u00e8s"},"image":{"@id":"https:\/\/www.sengrandplace.com\/#\/schema\/logo\/image\/"}}]}},"_links":{"self":[{"href":"https:\/\/www.sengrandplace.com\/index.php?rest_route=\/wp\/v2\/product\/10584","targetHints":{"allow":["GET"]}}],"collection":[{"href":"https:\/\/www.sengrandplace.com\/index.php?rest_route=\/wp\/v2\/product"}],"about":[{"href":"https:\/\/www.sengrandplace.com\/index.php?rest_route=\/wp\/v2\/types\/product"}],"replies":[{"embeddable":true,"href":"https:\/\/www.sengrandplace.com\/index.php?rest_route=%2Fwp%2Fv2%2Fcomments&post=10584"}],"version-history":[{"count":2,"href":"https:\/\/www.sengrandplace.com\/index.php?rest_route=\/wp\/v2\/product\/10584\/revisions"}],"predecessor-version":[{"id":10592,"href":"https:\/\/www.sengrandplace.com\/index.php?rest_route=\/wp\/v2\/product\/10584\/revisions\/10592"}],"wp:featuredmedia":[{"embeddable":true,"href":"https:\/\/www.sengrandplace.com\/index.php?rest_route=\/wp\/v2\/media\/10581"}],"wp:attachment":[{"href":"https:\/\/www.sengrandplace.com\/index.php?rest_route=%2Fwp%2Fv2%2Fmedia&parent=10584"}],"wp:term":[{"taxonomy":"product_brand","embeddable":true,"href":"https:\/\/www.sengrandplace.com\/index.php?rest_route=%2Fwp%2Fv2%2Fproduct_brand&post=10584"},{"taxonomy":"product_cat","embeddable":true,"href":"https:\/\/www.sengrandplace.com\/index.php?rest_route=%2Fwp%2Fv2%2Fproduct_cat&post=10584"},{"taxonomy":"product_tag","embeddable":true,"href":"https:\/\/www.sengrandplace.com\/index.php?rest_route=%2Fwp%2Fv2%2Fproduct_tag&post=10584"}],"curies":[{"name":"wp","href":"https:\/\/api.w.org\/{rel}","templated":true}]}}