{"id":10619,"date":"2025-06-22T19:31:15","date_gmt":"2025-06-22T19:31:15","guid":{"rendered":"https:\/\/www.sengrandplace.com\/?post_type=product&#038;p=10619"},"modified":"2025-06-22T19:32:14","modified_gmt":"2025-06-22T19:32:14","slug":"armoire-metallique-robuste-avec-plusieurs-compartiments-4","status":"publish","type":"product","link":"https:\/\/www.sengrandplace.com\/?product=armoire-metallique-robuste-avec-plusieurs-compartiments-4","title":{"rendered":"Armoire m\u00e9tallique robuste avec plusieurs compartiments"},"content":{"rendered":"<p style=\"font-weight: 300;\">Armoire portes battantes \u00e0 monter, id\u00e9ale pour votre local ou votre bureau avec des acc\u00e8s exigus.<\/p>\n<p style=\"font-weight: 300;\">Elle est livr\u00e9e en kit, et est facile \u00e0 assembler.<b><\/b><\/p>\n","protected":false},"excerpt":{"rendered":"<ul>\n<li>Dimensions (en mm) : 1800*900*400,<\/li>\n<li>Couleur : GRIS TOL 0.6<\/li>\n<\/ul>\n","protected":false},"featured_media":10605,"comment_status":"open","ping_status":"closed","template":"","meta":[],"product_brand":[],"product_cat":[38],"product_tag":[221,222,223],"class_list":{"0":"post-10619","1":"product","2":"type-product","3":"status-publish","4":"has-post-thumbnail","6":"product_cat-mobilier-de-bureau","7":"product_tag-armoire","8":"product_tag-metallique","9":"product_tag-robuste","11":"first","12":"instock","13":"shipping-taxable","14":"product-type-simple"},"yoast_head":"<!-- This site is optimized with the Yoast SEO plugin v27.6 - https:\/\/yoast.com\/product\/yoast-seo-wordpress\/ -->\n<title>Armoire m\u00e9tallique robuste avec plusieurs compartiments - Sen Grand Place Thi\u00e8s<\/title>\n<meta name=\"description\" content=\"Armoire portes battantes \u00e0 monter, id\u00e9ale pour votre local ou votre bureau avec des acc\u00e8s exigus.Elle est livr\u00e9e en kit, et est facile \u00e0 assembler.\" \/>\n<meta name=\"robots\" content=\"index, follow, max-snippet:-1, max-image-preview:large, max-video-preview:-1\" \/>\n<link rel=\"canonical\" href=\"https:\/\/www.sengrandplace.com\/?product=armoire-metallique-robuste-avec-plusieurs-compartiments-4\" \/>\n<meta property=\"og:locale\" content=\"fr_FR\" \/>\n<meta property=\"og:type\" content=\"article\" \/>\n<meta property=\"og:title\" content=\"Armoire m\u00e9tallique robuste avec plusieurs compartiments - Sen Grand Place Thi\u00e8s\" \/>\n<meta property=\"og:description\" content=\"Armoire portes battantes \u00e0 monter, id\u00e9ale pour votre local ou votre bureau avec des acc\u00e8s exigus.Elle est livr\u00e9e en kit, et est facile \u00e0 assembler.\" \/>\n<meta property=\"og:url\" content=\"https:\/\/www.sengrandplace.com\/?product=armoire-metallique-robuste-avec-plusieurs-compartiments-4\" \/>\n<meta property=\"og:site_name\" content=\"Sen Grand Place Thi\u00e8s\" \/>\n<meta property=\"article:modified_time\" content=\"2025-06-22T19:32:14+00:00\" \/>\n<meta property=\"og:image\" content=\"https:\/\/www.sengrandplace.com\/wp-content\/uploads\/2025\/06\/Armoire-metalique-05-17.png\" \/>\n\t<meta property=\"og:image:width\" content=\"6075\" \/>\n\t<meta property=\"og:image:height\" content=\"6946\" \/>\n\t<meta property=\"og:image:type\" content=\"image\/png\" \/>\n<meta name=\"twitter:card\" content=\"summary_large_image\" \/>\n<meta name=\"twitter:label1\" content=\"Dur\u00e9e de lecture estim\u00e9e\" \/>\n\t<meta name=\"twitter:data1\" content=\"1 minute\" \/>\n<script type=\"application\/ld+json\" class=\"yoast-schema-graph\">{\"@context\":\"https:\\\/\\\/schema.org\",\"@graph\":[{\"@type\":\"WebPage\",\"@id\":\"https:\\\/\\\/www.sengrandplace.com\\\/?product=armoire-metallique-robuste-avec-plusieurs-compartiments-4\",\"url\":\"https:\\\/\\\/www.sengrandplace.com\\\/?product=armoire-metallique-robuste-avec-plusieurs-compartiments-4\",\"name\":\"Armoire m\u00e9tallique robuste avec plusieurs compartiments - Sen Grand Place Thi\u00e8s\",\"isPartOf\":{\"@id\":\"https:\\\/\\\/www.sengrandplace.com\\\/#website\"},\"primaryImageOfPage\":{\"@id\":\"https:\\\/\\\/www.sengrandplace.com\\\/?product=armoire-metallique-robuste-avec-plusieurs-compartiments-4#primaryimage\"},\"image\":{\"@id\":\"https:\\\/\\\/www.sengrandplace.com\\\/?product=armoire-metallique-robuste-avec-plusieurs-compartiments-4#primaryimage\"},\"thumbnailUrl\":\"https:\\\/\\\/www.sengrandplace.com\\\/wp-content\\\/uploads\\\/2025\\\/06\\\/Armoire-metalique-05-17.png\",\"datePublished\":\"2025-06-22T19:31:15+00:00\",\"dateModified\":\"2025-06-22T19:32:14+00:00\",\"description\":\"Armoire portes battantes \u00e0 monter, id\u00e9ale pour votre local ou votre bureau avec des acc\u00e8s exigus.Elle est livr\u00e9e en kit, et est facile \u00e0 assembler.\",\"breadcrumb\":{\"@id\":\"https:\\\/\\\/www.sengrandplace.com\\\/?product=armoire-metallique-robuste-avec-plusieurs-compartiments-4#breadcrumb\"},\"inLanguage\":\"fr-FR\",\"potentialAction\":[{\"@type\":\"ReadAction\",\"target\":[\"https:\\\/\\\/www.sengrandplace.com\\\/?product=armoire-metallique-robuste-avec-plusieurs-compartiments-4\"]}]},{\"@type\":\"ImageObject\",\"inLanguage\":\"fr-FR\",\"@id\":\"https:\\\/\\\/www.sengrandplace.com\\\/?product=armoire-metallique-robuste-avec-plusieurs-compartiments-4#primaryimage\",\"url\":\"https:\\\/\\\/www.sengrandplace.com\\\/wp-content\\\/uploads\\\/2025\\\/06\\\/Armoire-metalique-05-17.png\",\"contentUrl\":\"https:\\\/\\\/www.sengrandplace.com\\\/wp-content\\\/uploads\\\/2025\\\/06\\\/Armoire-metalique-05-17.png\",\"width\":6075,\"height\":6946},{\"@type\":\"BreadcrumbList\",\"@id\":\"https:\\\/\\\/www.sengrandplace.com\\\/?product=armoire-metallique-robuste-avec-plusieurs-compartiments-4#breadcrumb\",\"itemListElement\":[{\"@type\":\"ListItem\",\"position\":1,\"name\":\"Home\",\"item\":\"https:\\\/\\\/www.sengrandplace.com\\\/\"},{\"@type\":\"ListItem\",\"position\":2,\"name\":\"Shop\",\"item\":\"https:\\\/\\\/www.sengrandplace.com\\\/?page_id=11\"},{\"@type\":\"ListItem\",\"position\":3,\"name\":\"Armoire m\u00e9tallique robuste avec plusieurs compartiments\"}]},{\"@type\":\"WebSite\",\"@id\":\"https:\\\/\\\/www.sengrandplace.com\\\/#website\",\"url\":\"https:\\\/\\\/www.sengrandplace.com\\\/\",\"name\":\"Sen Grand Place Thi\u00e8s\",\"description\":\"La place qui vous revient.\",\"publisher\":{\"@id\":\"https:\\\/\\\/www.sengrandplace.com\\\/#organization\"},\"potentialAction\":[{\"@type\":\"SearchAction\",\"target\":{\"@type\":\"EntryPoint\",\"urlTemplate\":\"https:\\\/\\\/www.sengrandplace.com\\\/?s={search_term_string}\"},\"query-input\":{\"@type\":\"PropertyValueSpecification\",\"valueRequired\":true,\"valueName\":\"search_term_string\"}}],\"inLanguage\":\"fr-FR\"},{\"@type\":\"Organization\",\"@id\":\"https:\\\/\\\/www.sengrandplace.com\\\/#organization\",\"name\":\"Sen Grand Place Thi\u00e8s\",\"url\":\"https:\\\/\\\/www.sengrandplace.com\\\/\",\"logo\":{\"@type\":\"ImageObject\",\"inLanguage\":\"fr-FR\",\"@id\":\"https:\\\/\\\/www.sengrandplace.com\\\/#\\\/schema\\\/logo\\\/image\\\/\",\"url\":\"https:\\\/\\\/www.sengrandplace.com\\\/wp-content\\\/uploads\\\/2024\\\/01\\\/Logo_du_site-2.jpg\",\"contentUrl\":\"https:\\\/\\\/www.sengrandplace.com\\\/wp-content\\\/uploads\\\/2024\\\/01\\\/Logo_du_site-2.jpg\",\"width\":314,\"height\":98,\"caption\":\"Sen Grand Place Thi\u00e8s\"},\"image\":{\"@id\":\"https:\\\/\\\/www.sengrandplace.com\\\/#\\\/schema\\\/logo\\\/image\\\/\"}}]}<\/script>\n<!-- \/ Yoast SEO plugin. -->","yoast_head_json":{"title":"Armoire m\u00e9tallique robuste avec plusieurs compartiments - Sen Grand Place Thi\u00e8s","description":"Armoire portes battantes \u00e0 monter, id\u00e9ale pour votre local ou votre bureau avec des acc\u00e8s exigus.Elle est livr\u00e9e en kit, et est facile \u00e0 assembler.","robots":{"index":"index","follow":"follow","max-snippet":"max-snippet:-1","max-image-preview":"max-image-preview:large","max-video-preview":"max-video-preview:-1"},"canonical":"https:\/\/www.sengrandplace.com\/?product=armoire-metallique-robuste-avec-plusieurs-compartiments-4","og_locale":"fr_FR","og_type":"article","og_title":"Armoire m\u00e9tallique robuste avec plusieurs compartiments - Sen Grand Place Thi\u00e8s","og_description":"Armoire portes battantes \u00e0 monter, id\u00e9ale pour votre local ou votre bureau avec des acc\u00e8s exigus.Elle est livr\u00e9e en kit, et est facile \u00e0 assembler.","og_url":"https:\/\/www.sengrandplace.com\/?product=armoire-metallique-robuste-avec-plusieurs-compartiments-4","og_site_name":"Sen Grand Place Thi\u00e8s","article_modified_time":"2025-06-22T19:32:14+00:00","og_image":[{"width":6075,"height":6946,"url":"https:\/\/www.sengrandplace.com\/wp-content\/uploads\/2025\/06\/Armoire-metalique-05-17.png","type":"image\/png"}],"twitter_card":"summary_large_image","twitter_misc":{"Dur\u00e9e de lecture estim\u00e9e":"1 minute"},"schema":{"@context":"https:\/\/schema.org","@graph":[{"@type":"WebPage","@id":"https:\/\/www.sengrandplace.com\/?product=armoire-metallique-robuste-avec-plusieurs-compartiments-4","url":"https:\/\/www.sengrandplace.com\/?product=armoire-metallique-robuste-avec-plusieurs-compartiments-4","name":"Armoire m\u00e9tallique robuste avec plusieurs compartiments - Sen Grand Place Thi\u00e8s","isPartOf":{"@id":"https:\/\/www.sengrandplace.com\/#website"},"primaryImageOfPage":{"@id":"https:\/\/www.sengrandplace.com\/?product=armoire-metallique-robuste-avec-plusieurs-compartiments-4#primaryimage"},"image":{"@id":"https:\/\/www.sengrandplace.com\/?product=armoire-metallique-robuste-avec-plusieurs-compartiments-4#primaryimage"},"thumbnailUrl":"https:\/\/www.sengrandplace.com\/wp-content\/uploads\/2025\/06\/Armoire-metalique-05-17.png","datePublished":"2025-06-22T19:31:15+00:00","dateModified":"2025-06-22T19:32:14+00:00","description":"Armoire portes battantes \u00e0 monter, id\u00e9ale pour votre local ou votre bureau avec des acc\u00e8s exigus.Elle est livr\u00e9e en kit, et est facile \u00e0 assembler.","breadcrumb":{"@id":"https:\/\/www.sengrandplace.com\/?product=armoire-metallique-robuste-avec-plusieurs-compartiments-4#breadcrumb"},"inLanguage":"fr-FR","potentialAction":[{"@type":"ReadAction","target":["https:\/\/www.sengrandplace.com\/?product=armoire-metallique-robuste-avec-plusieurs-compartiments-4"]}]},{"@type":"ImageObject","inLanguage":"fr-FR","@id":"https:\/\/www.sengrandplace.com\/?product=armoire-metallique-robuste-avec-plusieurs-compartiments-4#primaryimage","url":"https:\/\/www.sengrandplace.com\/wp-content\/uploads\/2025\/06\/Armoire-metalique-05-17.png","contentUrl":"https:\/\/www.sengrandplace.com\/wp-content\/uploads\/2025\/06\/Armoire-metalique-05-17.png","width":6075,"height":6946},{"@type":"BreadcrumbList","@id":"https:\/\/www.sengrandplace.com\/?product=armoire-metallique-robuste-avec-plusieurs-compartiments-4#breadcrumb","itemListElement":[{"@type":"ListItem","position":1,"name":"Home","item":"https:\/\/www.sengrandplace.com\/"},{"@type":"ListItem","position":2,"name":"Shop","item":"https:\/\/www.sengrandplace.com\/?page_id=11"},{"@type":"ListItem","position":3,"name":"Armoire m\u00e9tallique robuste avec plusieurs compartiments"}]},{"@type":"WebSite","@id":"https:\/\/www.sengrandplace.com\/#website","url":"https:\/\/www.sengrandplace.com\/","name":"Sen Grand Place Thi\u00e8s","description":"La place qui vous revient.","publisher":{"@id":"https:\/\/www.sengrandplace.com\/#organization"},"potentialAction":[{"@type":"SearchAction","target":{"@type":"EntryPoint","urlTemplate":"https:\/\/www.sengrandplace.com\/?s={search_term_string}"},"query-input":{"@type":"PropertyValueSpecification","valueRequired":true,"valueName":"search_term_string"}}],"inLanguage":"fr-FR"},{"@type":"Organization","@id":"https:\/\/www.sengrandplace.com\/#organization","name":"Sen Grand Place Thi\u00e8s","url":"https:\/\/www.sengrandplace.com\/","logo":{"@type":"ImageObject","inLanguage":"fr-FR","@id":"https:\/\/www.sengrandplace.com\/#\/schema\/logo\/image\/","url":"https:\/\/www.sengrandplace.com\/wp-content\/uploads\/2024\/01\/Logo_du_site-2.jpg","contentUrl":"https:\/\/www.sengrandplace.com\/wp-content\/uploads\/2024\/01\/Logo_du_site-2.jpg","width":314,"height":98,"caption":"Sen Grand Place Thi\u00e8s"},"image":{"@id":"https:\/\/www.sengrandplace.com\/#\/schema\/logo\/image\/"}}]}},"_links":{"self":[{"href":"https:\/\/www.sengrandplace.com\/index.php?rest_route=\/wp\/v2\/product\/10619","targetHints":{"allow":["GET"]}}],"collection":[{"href":"https:\/\/www.sengrandplace.com\/index.php?rest_route=\/wp\/v2\/product"}],"about":[{"href":"https:\/\/www.sengrandplace.com\/index.php?rest_route=\/wp\/v2\/types\/product"}],"replies":[{"embeddable":true,"href":"https:\/\/www.sengrandplace.com\/index.php?rest_route=%2Fwp%2Fv2%2Fcomments&post=10619"}],"version-history":[{"count":1,"href":"https:\/\/www.sengrandplace.com\/index.php?rest_route=\/wp\/v2\/product\/10619\/revisions"}],"predecessor-version":[{"id":10620,"href":"https:\/\/www.sengrandplace.com\/index.php?rest_route=\/wp\/v2\/product\/10619\/revisions\/10620"}],"wp:featuredmedia":[{"embeddable":true,"href":"https:\/\/www.sengrandplace.com\/index.php?rest_route=\/wp\/v2\/media\/10605"}],"wp:attachment":[{"href":"https:\/\/www.sengrandplace.com\/index.php?rest_route=%2Fwp%2Fv2%2Fmedia&parent=10619"}],"wp:term":[{"taxonomy":"product_brand","embeddable":true,"href":"https:\/\/www.sengrandplace.com\/index.php?rest_route=%2Fwp%2Fv2%2Fproduct_brand&post=10619"},{"taxonomy":"product_cat","embeddable":true,"href":"https:\/\/www.sengrandplace.com\/index.php?rest_route=%2Fwp%2Fv2%2Fproduct_cat&post=10619"},{"taxonomy":"product_tag","embeddable":true,"href":"https:\/\/www.sengrandplace.com\/index.php?rest_route=%2Fwp%2Fv2%2Fproduct_tag&post=10619"}],"curies":[{"name":"wp","href":"https:\/\/api.w.org\/{rel}","templated":true}]}}