{"id":11578,"date":"2025-12-19T10:54:07","date_gmt":"2025-12-19T10:54:07","guid":{"rendered":"https:\/\/www.sengrandplace.com\/?post_type=product&#038;p=11578"},"modified":"2025-12-19T10:54:07","modified_gmt":"2025-12-19T10:54:07","slug":"cartouche-dencre-canon-pixma-cl-446-couleur","status":"publish","type":"product","link":"https:\/\/www.sengrandplace.com\/?product=cartouche-dencre-canon-pixma-cl-446-couleur","title":{"rendered":"Cartouche d\u2019encre Canon PIXMA CL-446 \u2013 Couleur"},"content":{"rendered":"<p data-start=\"432\" data-end=\"672\">La <strong data-start=\"435\" data-end=\"451\">Canon CL-446<\/strong> est une cartouche d\u2019encre couleur d\u2019origine, con\u00e7ue pour offrir une <strong data-start=\"520\" data-end=\"563\">qualit\u00e9 d\u2019impression fiable et homog\u00e8ne<\/strong>. Elle assure des couleurs vives, des d\u00e9grad\u00e9s pr\u00e9cis et une excellente lisibilit\u00e9 sur tous vos documents A4.<\/p>\n<p data-start=\"674\" data-end=\"861\">Facile \u00e0 installer et parfaitement compatible avec plusieurs imprimantes Canon PIXMA, cette cartouche est adapt\u00e9e aussi bien \u00e0 un <strong data-start=\"804\" data-end=\"824\">usage domestique<\/strong> qu\u2019\u00e0 un <strong data-start=\"833\" data-end=\"860\">usage bureautique l\u00e9ger<\/strong>.<\/p>\n<hr data-start=\"863\" data-end=\"866\" \/>\n<h2 data-start=\"868\" data-end=\"902\"><strong data-start=\"871\" data-end=\"902\">Caract\u00e9ristiques techniques<\/strong><\/h2>\n<h3 data-start=\"904\" data-end=\"919\"><strong data-start=\"908\" data-end=\"919\">G\u00e9n\u00e9ral<\/strong><\/h3>\n<ul data-start=\"920\" data-end=\"1008\">\n<li data-start=\"920\" data-end=\"942\">\n<p data-start=\"922\" data-end=\"942\"><strong data-start=\"922\" data-end=\"932\">Marque<\/strong> : Canon<\/p>\n<\/li>\n<li data-start=\"943\" data-end=\"966\">\n<p data-start=\"945\" data-end=\"966\"><strong data-start=\"945\" data-end=\"955\">Mod\u00e8le<\/strong> : CL-446<\/p>\n<\/li>\n<li data-start=\"967\" data-end=\"1008\">\n<p data-start=\"969\" data-end=\"1008\"><strong data-start=\"969\" data-end=\"988\">Type de produit<\/strong> : Cartouche d\u2019encre<\/p>\n<\/li>\n<\/ul>\n<h3 data-start=\"1010\" data-end=\"1026\"><strong data-start=\"1014\" data-end=\"1026\">Couleurs<\/strong><\/h3>\n<ul data-start=\"1027\" data-end=\"1093\">\n<li data-start=\"1027\" data-end=\"1049\">\n<p data-start=\"1029\" data-end=\"1049\"><strong data-start=\"1029\" data-end=\"1037\">Type<\/strong> : Couleur<\/p>\n<\/li>\n<li data-start=\"1050\" data-end=\"1093\">\n<p data-start=\"1052\" data-end=\"1093\"><strong data-start=\"1052\" data-end=\"1062\">Encres<\/strong> : Cyan \u2013 Magenta \u2013 Jaune (CMJ)<\/p>\n<\/li>\n<\/ul>\n<h3 data-start=\"1095\" data-end=\"1123\"><strong data-start=\"1099\" data-end=\"1123\">Capacit\u00e9 &amp; rendement<\/strong><\/h3>\n<ul data-start=\"1124\" data-end=\"1219\">\n<li data-start=\"1124\" data-end=\"1149\">\n<p data-start=\"1126\" data-end=\"1149\"><strong data-start=\"1126\" data-end=\"1140\">Contenance<\/strong> : 9 ml<\/p>\n<\/li>\n<li data-start=\"1150\" data-end=\"1219\">\n<p data-start=\"1152\" data-end=\"1219\"><strong data-start=\"1152\" data-end=\"1165\">Rendement<\/strong> : Jusqu\u2019\u00e0 <strong data-start=\"1176\" data-end=\"1189\">180 pages<\/strong> (format A4, selon normes ISO)<\/p>\n<\/li>\n<\/ul>\n<h3 data-start=\"1221\" data-end=\"1247\"><strong data-start=\"1225\" data-end=\"1247\">Dimensions &amp; poids<\/strong><\/h3>\n<ul data-start=\"1248\" data-end=\"1318\">\n<li data-start=\"1248\" data-end=\"1297\">\n<p data-start=\"1250\" data-end=\"1297\"><strong data-start=\"1250\" data-end=\"1276\">Dimensions (L x l x H)<\/strong> : 83 \u00d7 54 \u00d7 100 mm<\/p>\n<\/li>\n<li data-start=\"1298\" data-end=\"1318\">\n<p data-start=\"1300\" data-end=\"1318\"><strong data-start=\"1300\" data-end=\"1309\">Poids<\/strong> : 0,1 kg<\/p>\n<\/li>\n<\/ul>\n<h3 data-start=\"1320\" data-end=\"1353\"><strong data-start=\"1324\" data-end=\"1353\">Compatibilit\u00e9 imprimantes<\/strong><\/h3>\n<p data-start=\"1354\" data-end=\"1408\">Compatible avec les mod\u00e8les <strong data-start=\"1382\" data-end=\"1397\">Canon PIXMA<\/strong> suivants :<\/p>\n<ul data-start=\"1409\" data-end=\"1462\">\n<li data-start=\"1409\" data-end=\"1419\">\n<p data-start=\"1411\" data-end=\"1419\">MG2440<\/p>\n<\/li>\n<li data-start=\"1420\" data-end=\"1430\">\n<p data-start=\"1422\" data-end=\"1430\">MG2540<\/p>\n<\/li>\n<li data-start=\"1431\" data-end=\"1441\">\n<p data-start=\"1433\" data-end=\"1441\">MG2940<\/p>\n<\/li>\n<li data-start=\"1442\" data-end=\"1452\">\n<p data-start=\"1444\" data-end=\"1452\">iP2840<\/p>\n<\/li>\n<li data-start=\"1453\" data-end=\"1462\">\n<p data-start=\"1455\" data-end=\"1462\">MX494<\/p>\n<\/li>\n<\/ul>\n<hr data-start=\"1464\" data-end=\"1467\" \/>\n<h3 data-start=\"1469\" data-end=\"1486\"><strong data-start=\"1473\" data-end=\"1486\">Avantages<\/strong><\/h3>\n<ul data-start=\"1487\" data-end=\"1622\">\n<li data-start=\"1487\" data-end=\"1519\">\n<p data-start=\"1489\" data-end=\"1519\">Couleurs vives et naturelles<\/p>\n<\/li>\n<li data-start=\"1520\" data-end=\"1553\">\n<p data-start=\"1522\" data-end=\"1553\">Installation simple et rapide<\/p>\n<\/li>\n<li data-start=\"1554\" data-end=\"1583\">\n<p data-start=\"1556\" data-end=\"1583\">Fiabilit\u00e9 Canon d\u2019origine<\/p>\n<\/li>\n<li data-start=\"1584\" data-end=\"1622\">\n<p data-start=\"1586\" data-end=\"1622\">Id\u00e9ale pour impressions quotidiennes<\/p>\n<\/li>\n<\/ul>\n","protected":false},"excerpt":{"rendered":"<p>La cartouche Canon PIXMA CL-446 Couleur garantit des impressions nettes et \u00e9clatantes gr\u00e2ce \u00e0 ses encres cyan, magenta et jaune, id\u00e9ales pour les documents et photos du quotidien.<\/p>\n","protected":false},"featured_media":11580,"comment_status":"open","ping_status":"closed","template":"","meta":[],"product_brand":[],"product_cat":[28],"product_tag":[],"class_list":{"0":"post-11578","1":"product","2":"type-product","3":"status-publish","4":"has-post-thumbnail","6":"product_cat-equipement-informatique","8":"first","9":"instock","10":"shipping-taxable","11":"product-type-simple"},"yoast_head":"<!-- This site is optimized with the Yoast SEO plugin v27.6 - https:\/\/yoast.com\/product\/yoast-seo-wordpress\/ -->\n<title>Cartouche d\u2019encre Canon PIXMA CL-446 \u2013 Couleur - Sen Grand Place Thi\u00e8s<\/title>\n<meta name=\"robots\" content=\"index, follow, max-snippet:-1, max-image-preview:large, max-video-preview:-1\" \/>\n<link rel=\"canonical\" href=\"https:\/\/www.sengrandplace.com\/?product=cartouche-dencre-canon-pixma-cl-446-couleur\" \/>\n<meta property=\"og:locale\" content=\"fr_FR\" \/>\n<meta property=\"og:type\" content=\"article\" \/>\n<meta property=\"og:title\" content=\"Cartouche d\u2019encre Canon PIXMA CL-446 \u2013 Couleur - Sen Grand Place Thi\u00e8s\" \/>\n<meta property=\"og:description\" content=\"La cartouche Canon PIXMA CL-446 Couleur garantit des impressions nettes et \u00e9clatantes gr\u00e2ce \u00e0 ses encres cyan, magenta et jaune, id\u00e9ales pour les documents et photos du quotidien.\" \/>\n<meta property=\"og:url\" content=\"https:\/\/www.sengrandplace.com\/?product=cartouche-dencre-canon-pixma-cl-446-couleur\" \/>\n<meta property=\"og:site_name\" content=\"Sen Grand Place Thi\u00e8s\" \/>\n<meta property=\"og:image\" content=\"https:\/\/www.sengrandplace.com\/wp-content\/uploads\/2025\/12\/Canon-CL-446-Couleur-Cartouche-dencre-dorigine-8285B001AA.webp\" \/>\n\t<meta property=\"og:image:width\" content=\"973\" \/>\n\t<meta property=\"og:image:height\" content=\"1000\" \/>\n\t<meta property=\"og:image:type\" content=\"image\/webp\" \/>\n<meta name=\"twitter:card\" content=\"summary_large_image\" \/>\n<meta name=\"twitter:label1\" content=\"Dur\u00e9e de lecture estim\u00e9e\" \/>\n\t<meta name=\"twitter:data1\" content=\"1 minute\" \/>\n<script type=\"application\/ld+json\" class=\"yoast-schema-graph\">{\"@context\":\"https:\\\/\\\/schema.org\",\"@graph\":[{\"@type\":\"WebPage\",\"@id\":\"https:\\\/\\\/www.sengrandplace.com\\\/?product=cartouche-dencre-canon-pixma-cl-446-couleur\",\"url\":\"https:\\\/\\\/www.sengrandplace.com\\\/?product=cartouche-dencre-canon-pixma-cl-446-couleur\",\"name\":\"Cartouche d\u2019encre Canon PIXMA CL-446 \u2013 Couleur - Sen Grand Place Thi\u00e8s\",\"isPartOf\":{\"@id\":\"https:\\\/\\\/www.sengrandplace.com\\\/#website\"},\"primaryImageOfPage\":{\"@id\":\"https:\\\/\\\/www.sengrandplace.com\\\/?product=cartouche-dencre-canon-pixma-cl-446-couleur#primaryimage\"},\"image\":{\"@id\":\"https:\\\/\\\/www.sengrandplace.com\\\/?product=cartouche-dencre-canon-pixma-cl-446-couleur#primaryimage\"},\"thumbnailUrl\":\"https:\\\/\\\/www.sengrandplace.com\\\/wp-content\\\/uploads\\\/2025\\\/12\\\/Canon-CL-446-Couleur-Cartouche-dencre-dorigine-8285B001AA.webp\",\"datePublished\":\"2025-12-19T10:54:07+00:00\",\"breadcrumb\":{\"@id\":\"https:\\\/\\\/www.sengrandplace.com\\\/?product=cartouche-dencre-canon-pixma-cl-446-couleur#breadcrumb\"},\"inLanguage\":\"fr-FR\",\"potentialAction\":[{\"@type\":\"ReadAction\",\"target\":[\"https:\\\/\\\/www.sengrandplace.com\\\/?product=cartouche-dencre-canon-pixma-cl-446-couleur\"]}]},{\"@type\":\"ImageObject\",\"inLanguage\":\"fr-FR\",\"@id\":\"https:\\\/\\\/www.sengrandplace.com\\\/?product=cartouche-dencre-canon-pixma-cl-446-couleur#primaryimage\",\"url\":\"https:\\\/\\\/www.sengrandplace.com\\\/wp-content\\\/uploads\\\/2025\\\/12\\\/Canon-CL-446-Couleur-Cartouche-dencre-dorigine-8285B001AA.webp\",\"contentUrl\":\"https:\\\/\\\/www.sengrandplace.com\\\/wp-content\\\/uploads\\\/2025\\\/12\\\/Canon-CL-446-Couleur-Cartouche-dencre-dorigine-8285B001AA.webp\",\"width\":973,\"height\":1000},{\"@type\":\"BreadcrumbList\",\"@id\":\"https:\\\/\\\/www.sengrandplace.com\\\/?product=cartouche-dencre-canon-pixma-cl-446-couleur#breadcrumb\",\"itemListElement\":[{\"@type\":\"ListItem\",\"position\":1,\"name\":\"Home\",\"item\":\"https:\\\/\\\/www.sengrandplace.com\\\/\"},{\"@type\":\"ListItem\",\"position\":2,\"name\":\"Shop\",\"item\":\"https:\\\/\\\/www.sengrandplace.com\\\/?page_id=11\"},{\"@type\":\"ListItem\",\"position\":3,\"name\":\"Cartouche d\u2019encre Canon PIXMA CL-446 \u2013 Couleur\"}]},{\"@type\":\"WebSite\",\"@id\":\"https:\\\/\\\/www.sengrandplace.com\\\/#website\",\"url\":\"https:\\\/\\\/www.sengrandplace.com\\\/\",\"name\":\"Sen Grand Place Thi\u00e8s\",\"description\":\"La place qui vous revient.\",\"publisher\":{\"@id\":\"https:\\\/\\\/www.sengrandplace.com\\\/#organization\"},\"potentialAction\":[{\"@type\":\"SearchAction\",\"target\":{\"@type\":\"EntryPoint\",\"urlTemplate\":\"https:\\\/\\\/www.sengrandplace.com\\\/?s={search_term_string}\"},\"query-input\":{\"@type\":\"PropertyValueSpecification\",\"valueRequired\":true,\"valueName\":\"search_term_string\"}}],\"inLanguage\":\"fr-FR\"},{\"@type\":\"Organization\",\"@id\":\"https:\\\/\\\/www.sengrandplace.com\\\/#organization\",\"name\":\"Sen Grand Place Thi\u00e8s\",\"url\":\"https:\\\/\\\/www.sengrandplace.com\\\/\",\"logo\":{\"@type\":\"ImageObject\",\"inLanguage\":\"fr-FR\",\"@id\":\"https:\\\/\\\/www.sengrandplace.com\\\/#\\\/schema\\\/logo\\\/image\\\/\",\"url\":\"https:\\\/\\\/www.sengrandplace.com\\\/wp-content\\\/uploads\\\/2024\\\/01\\\/Logo_du_site-2.jpg\",\"contentUrl\":\"https:\\\/\\\/www.sengrandplace.com\\\/wp-content\\\/uploads\\\/2024\\\/01\\\/Logo_du_site-2.jpg\",\"width\":314,\"height\":98,\"caption\":\"Sen Grand Place Thi\u00e8s\"},\"image\":{\"@id\":\"https:\\\/\\\/www.sengrandplace.com\\\/#\\\/schema\\\/logo\\\/image\\\/\"}}]}<\/script>\n<!-- \/ Yoast SEO plugin. -->","yoast_head_json":{"title":"Cartouche d\u2019encre Canon PIXMA CL-446 \u2013 Couleur - Sen Grand Place Thi\u00e8s","robots":{"index":"index","follow":"follow","max-snippet":"max-snippet:-1","max-image-preview":"max-image-preview:large","max-video-preview":"max-video-preview:-1"},"canonical":"https:\/\/www.sengrandplace.com\/?product=cartouche-dencre-canon-pixma-cl-446-couleur","og_locale":"fr_FR","og_type":"article","og_title":"Cartouche d\u2019encre Canon PIXMA CL-446 \u2013 Couleur - Sen Grand Place Thi\u00e8s","og_description":"La cartouche Canon PIXMA CL-446 Couleur garantit des impressions nettes et \u00e9clatantes gr\u00e2ce \u00e0 ses encres cyan, magenta et jaune, id\u00e9ales pour les documents et photos du quotidien.","og_url":"https:\/\/www.sengrandplace.com\/?product=cartouche-dencre-canon-pixma-cl-446-couleur","og_site_name":"Sen Grand Place Thi\u00e8s","og_image":[{"width":973,"height":1000,"url":"https:\/\/www.sengrandplace.com\/wp-content\/uploads\/2025\/12\/Canon-CL-446-Couleur-Cartouche-dencre-dorigine-8285B001AA.webp","type":"image\/webp"}],"twitter_card":"summary_large_image","twitter_misc":{"Dur\u00e9e de lecture estim\u00e9e":"1 minute"},"schema":{"@context":"https:\/\/schema.org","@graph":[{"@type":"WebPage","@id":"https:\/\/www.sengrandplace.com\/?product=cartouche-dencre-canon-pixma-cl-446-couleur","url":"https:\/\/www.sengrandplace.com\/?product=cartouche-dencre-canon-pixma-cl-446-couleur","name":"Cartouche d\u2019encre Canon PIXMA CL-446 \u2013 Couleur - Sen Grand Place Thi\u00e8s","isPartOf":{"@id":"https:\/\/www.sengrandplace.com\/#website"},"primaryImageOfPage":{"@id":"https:\/\/www.sengrandplace.com\/?product=cartouche-dencre-canon-pixma-cl-446-couleur#primaryimage"},"image":{"@id":"https:\/\/www.sengrandplace.com\/?product=cartouche-dencre-canon-pixma-cl-446-couleur#primaryimage"},"thumbnailUrl":"https:\/\/www.sengrandplace.com\/wp-content\/uploads\/2025\/12\/Canon-CL-446-Couleur-Cartouche-dencre-dorigine-8285B001AA.webp","datePublished":"2025-12-19T10:54:07+00:00","breadcrumb":{"@id":"https:\/\/www.sengrandplace.com\/?product=cartouche-dencre-canon-pixma-cl-446-couleur#breadcrumb"},"inLanguage":"fr-FR","potentialAction":[{"@type":"ReadAction","target":["https:\/\/www.sengrandplace.com\/?product=cartouche-dencre-canon-pixma-cl-446-couleur"]}]},{"@type":"ImageObject","inLanguage":"fr-FR","@id":"https:\/\/www.sengrandplace.com\/?product=cartouche-dencre-canon-pixma-cl-446-couleur#primaryimage","url":"https:\/\/www.sengrandplace.com\/wp-content\/uploads\/2025\/12\/Canon-CL-446-Couleur-Cartouche-dencre-dorigine-8285B001AA.webp","contentUrl":"https:\/\/www.sengrandplace.com\/wp-content\/uploads\/2025\/12\/Canon-CL-446-Couleur-Cartouche-dencre-dorigine-8285B001AA.webp","width":973,"height":1000},{"@type":"BreadcrumbList","@id":"https:\/\/www.sengrandplace.com\/?product=cartouche-dencre-canon-pixma-cl-446-couleur#breadcrumb","itemListElement":[{"@type":"ListItem","position":1,"name":"Home","item":"https:\/\/www.sengrandplace.com\/"},{"@type":"ListItem","position":2,"name":"Shop","item":"https:\/\/www.sengrandplace.com\/?page_id=11"},{"@type":"ListItem","position":3,"name":"Cartouche d\u2019encre Canon PIXMA CL-446 \u2013 Couleur"}]},{"@type":"WebSite","@id":"https:\/\/www.sengrandplace.com\/#website","url":"https:\/\/www.sengrandplace.com\/","name":"Sen Grand Place Thi\u00e8s","description":"La place qui vous revient.","publisher":{"@id":"https:\/\/www.sengrandplace.com\/#organization"},"potentialAction":[{"@type":"SearchAction","target":{"@type":"EntryPoint","urlTemplate":"https:\/\/www.sengrandplace.com\/?s={search_term_string}"},"query-input":{"@type":"PropertyValueSpecification","valueRequired":true,"valueName":"search_term_string"}}],"inLanguage":"fr-FR"},{"@type":"Organization","@id":"https:\/\/www.sengrandplace.com\/#organization","name":"Sen Grand Place Thi\u00e8s","url":"https:\/\/www.sengrandplace.com\/","logo":{"@type":"ImageObject","inLanguage":"fr-FR","@id":"https:\/\/www.sengrandplace.com\/#\/schema\/logo\/image\/","url":"https:\/\/www.sengrandplace.com\/wp-content\/uploads\/2024\/01\/Logo_du_site-2.jpg","contentUrl":"https:\/\/www.sengrandplace.com\/wp-content\/uploads\/2024\/01\/Logo_du_site-2.jpg","width":314,"height":98,"caption":"Sen Grand Place Thi\u00e8s"},"image":{"@id":"https:\/\/www.sengrandplace.com\/#\/schema\/logo\/image\/"}}]}},"_links":{"self":[{"href":"https:\/\/www.sengrandplace.com\/index.php?rest_route=\/wp\/v2\/product\/11578","targetHints":{"allow":["GET"]}}],"collection":[{"href":"https:\/\/www.sengrandplace.com\/index.php?rest_route=\/wp\/v2\/product"}],"about":[{"href":"https:\/\/www.sengrandplace.com\/index.php?rest_route=\/wp\/v2\/types\/product"}],"replies":[{"embeddable":true,"href":"https:\/\/www.sengrandplace.com\/index.php?rest_route=%2Fwp%2Fv2%2Fcomments&post=11578"}],"version-history":[{"count":1,"href":"https:\/\/www.sengrandplace.com\/index.php?rest_route=\/wp\/v2\/product\/11578\/revisions"}],"predecessor-version":[{"id":11581,"href":"https:\/\/www.sengrandplace.com\/index.php?rest_route=\/wp\/v2\/product\/11578\/revisions\/11581"}],"wp:featuredmedia":[{"embeddable":true,"href":"https:\/\/www.sengrandplace.com\/index.php?rest_route=\/wp\/v2\/media\/11580"}],"wp:attachment":[{"href":"https:\/\/www.sengrandplace.com\/index.php?rest_route=%2Fwp%2Fv2%2Fmedia&parent=11578"}],"wp:term":[{"taxonomy":"product_brand","embeddable":true,"href":"https:\/\/www.sengrandplace.com\/index.php?rest_route=%2Fwp%2Fv2%2Fproduct_brand&post=11578"},{"taxonomy":"product_cat","embeddable":true,"href":"https:\/\/www.sengrandplace.com\/index.php?rest_route=%2Fwp%2Fv2%2Fproduct_cat&post=11578"},{"taxonomy":"product_tag","embeddable":true,"href":"https:\/\/www.sengrandplace.com\/index.php?rest_route=%2Fwp%2Fv2%2Fproduct_tag&post=11578"}],"curies":[{"name":"wp","href":"https:\/\/api.w.org\/{rel}","templated":true}]}}