{"id":11615,"date":"2025-12-19T12:44:57","date_gmt":"2025-12-19T12:44:57","guid":{"rendered":"https:\/\/www.sengrandplace.com\/?post_type=product&#038;p=11615"},"modified":"2025-12-19T12:44:58","modified_gmt":"2025-12-19T12:44:58","slug":"cartouche-dencre-hp-938-jaune-qualite-professionnelle","status":"publish","type":"product","link":"https:\/\/www.sengrandplace.com\/?product=cartouche-dencre-hp-938-jaune-qualite-professionnelle","title":{"rendered":"Cartouche d\u2019Encre HP 938 Jaune \u2013 Qualit\u00e9 Professionnelle"},"content":{"rendered":"<p data-start=\"464\" data-end=\"823\">Optimisez vos impressions couleur avec la <strong data-start=\"506\" data-end=\"532\">cartouche HP 938 Jaune<\/strong>. Cette cartouche d\u2019encre HP de qualit\u00e9 professionnelle garantit des <strong data-start=\"601\" data-end=\"632\">couleurs vives et uniformes<\/strong>, parfaites pour les graphiques, tableaux et documents bureautiques. Sa conception officielle HP assure la <strong data-start=\"739\" data-end=\"782\">fiabilit\u00e9, la long\u00e9vit\u00e9 de l\u2019imprimante<\/strong>, et une installation simple et rapide.<\/p>\n<p data-start=\"825\" data-end=\"1035\">Id\u00e9ale pour les environnements de travail o\u00f9 la qualit\u00e9 et la constance des couleurs sont essentielles, la cartouche HP 938 Jaune permet de produire des documents professionnels avec un rendu pr\u00e9cis et durable.<\/p>\n<hr data-start=\"1037\" data-end=\"1040\" \/>\n<h3 data-start=\"1042\" data-end=\"1078\"><strong data-start=\"1046\" data-end=\"1078\">Caract\u00e9ristiques principales<\/strong><\/h3>\n<ul data-start=\"1079\" data-end=\"1427\">\n<li data-start=\"1079\" data-end=\"1124\">\n<p data-start=\"1081\" data-end=\"1124\"><strong data-start=\"1081\" data-end=\"1089\">Type<\/strong> : Cartouche d\u2019encre originale HP<\/p>\n<\/li>\n<li data-start=\"1125\" data-end=\"1148\">\n<p data-start=\"1127\" data-end=\"1148\"><strong data-start=\"1127\" data-end=\"1138\">Couleur<\/strong> : Jaune<\/p>\n<\/li>\n<li data-start=\"1149\" data-end=\"1201\">\n<p data-start=\"1151\" data-end=\"1201\"><strong data-start=\"1151\" data-end=\"1174\">Technologie d\u2019encre<\/strong> : Technologie avanc\u00e9e HP<\/p>\n<\/li>\n<li data-start=\"1202\" data-end=\"1273\">\n<p data-start=\"1204\" data-end=\"1273\"><strong data-start=\"1204\" data-end=\"1213\">Usage<\/strong> : Qualit\u00e9 professionnelle pour documents et pr\u00e9sentations<\/p>\n<\/li>\n<li data-start=\"1274\" data-end=\"1300\">\n<p data-start=\"1276\" data-end=\"1300\"><strong data-start=\"1276\" data-end=\"1284\">Pack<\/strong> : 1 cartouche<\/p>\n<\/li>\n<li data-start=\"1301\" data-end=\"1387\">\n<p data-start=\"1303\" data-end=\"1387\"><strong data-start=\"1303\" data-end=\"1316\">Fiabilit\u00e9<\/strong> : Produit officiel HP pour des impressions constantes et sans bavure<\/p>\n<\/li>\n<li data-start=\"1388\" data-end=\"1427\">\n<p data-start=\"1390\" data-end=\"1427\"><strong data-start=\"1390\" data-end=\"1406\">Installation<\/strong> : Simple et rapide<\/p>\n<\/li>\n<\/ul>\n<hr data-start=\"1429\" data-end=\"1432\" \/>\n<h3 data-start=\"1434\" data-end=\"1455\"><strong data-start=\"1438\" data-end=\"1455\">Compatibilit\u00e9<\/strong><\/h3>\n<ul data-start=\"1456\" data-end=\"1532\">\n<li data-start=\"1456\" data-end=\"1532\">\n<p data-start=\"1458\" data-end=\"1532\">Compatible avec toutes les imprimantes HP supportant la s\u00e9rie <strong data-start=\"1520\" data-end=\"1530\">HP 938<\/strong><\/p>\n<\/li>\n<\/ul>\n<hr data-start=\"1534\" data-end=\"1537\" \/>\n<h3 data-start=\"1539\" data-end=\"1567\"><strong data-start=\"1543\" data-end=\"1567\">Descriptif technique<\/strong><\/h3>\n<ul data-start=\"1568\" data-end=\"1760\">\n<li data-start=\"1568\" data-end=\"1587\">\n<p data-start=\"1570\" data-end=\"1587\"><strong data-start=\"1570\" data-end=\"1580\">Marque<\/strong> : HP<\/p>\n<\/li>\n<li data-start=\"1588\" data-end=\"1617\">\n<p data-start=\"1590\" data-end=\"1617\"><strong data-start=\"1590\" data-end=\"1600\">Mod\u00e8le<\/strong> : HP 938 Jaune<\/p>\n<\/li>\n<li data-start=\"1618\" data-end=\"1693\">\n<p data-start=\"1620\" data-end=\"1693\"><strong data-start=\"1620\" data-end=\"1643\">Type de consommable<\/strong> : Cartouche d\u2019encre pour imprimante jet d\u2019encre<\/p>\n<\/li>\n<li data-start=\"1694\" data-end=\"1760\">\n<p data-start=\"1696\" data-end=\"1760\"><strong data-start=\"1696\" data-end=\"1716\">Usage recommand\u00e9<\/strong> : Bureautique et documents professionnels<\/p>\n<\/li>\n<\/ul>\n","protected":false},"excerpt":{"rendered":"<p>La cartouche originale HP 938 Jaune offre des impressions nettes et \u00e9clatantes, sp\u00e9cialement con\u00e7ue pour les utilisateurs professionnels qui souhaitent des documents et pr\u00e9sentations aux couleurs fid\u00e8les et durables.<\/p>\n","protected":false},"featured_media":11616,"comment_status":"open","ping_status":"closed","template":"","meta":[],"product_brand":[],"product_cat":[331,28],"product_tag":[],"class_list":{"0":"post-11615","1":"product","2":"type-product","3":"status-publish","4":"has-post-thumbnail","6":"product_cat-encre","7":"product_cat-equipement-informatique","9":"first","10":"instock","11":"shipping-taxable","12":"product-type-simple"},"yoast_head":"<!-- This site is optimized with the Yoast SEO plugin v27.6 - https:\/\/yoast.com\/product\/yoast-seo-wordpress\/ -->\n<title>Cartouche d\u2019Encre HP 938 Jaune \u2013 Qualit\u00e9 Professionnelle - Sen Grand Place Thi\u00e8s<\/title>\n<meta name=\"robots\" content=\"index, follow, max-snippet:-1, max-image-preview:large, max-video-preview:-1\" \/>\n<link rel=\"canonical\" href=\"https:\/\/www.sengrandplace.com\/?product=cartouche-dencre-hp-938-jaune-qualite-professionnelle\" \/>\n<meta property=\"og:locale\" content=\"fr_FR\" \/>\n<meta property=\"og:type\" content=\"article\" \/>\n<meta property=\"og:title\" content=\"Cartouche d\u2019Encre HP 938 Jaune \u2013 Qualit\u00e9 Professionnelle - Sen Grand Place Thi\u00e8s\" \/>\n<meta property=\"og:description\" content=\"La cartouche originale HP 938 Jaune offre des impressions nettes et \u00e9clatantes, sp\u00e9cialement con\u00e7ue pour les utilisateurs professionnels qui souhaitent des documents et pr\u00e9sentations aux couleurs fid\u00e8les et durables.\" \/>\n<meta property=\"og:url\" content=\"https:\/\/www.sengrandplace.com\/?product=cartouche-dencre-hp-938-jaune-qualite-professionnelle\" \/>\n<meta property=\"og:site_name\" content=\"Sen Grand Place Thi\u00e8s\" \/>\n<meta property=\"article:modified_time\" content=\"2025-12-19T12:44:58+00:00\" \/>\n<meta property=\"og:image\" content=\"https:\/\/www.sengrandplace.com\/wp-content\/uploads\/2025\/12\/cartouche-d-encre-jaune-hp-938-originale-pour-des.webp\" \/>\n\t<meta property=\"og:image:width\" content=\"700\" \/>\n\t<meta property=\"og:image:height\" content=\"700\" \/>\n\t<meta property=\"og:image:type\" content=\"image\/webp\" \/>\n<meta name=\"twitter:card\" content=\"summary_large_image\" \/>\n<meta name=\"twitter:label1\" content=\"Dur\u00e9e de lecture estim\u00e9e\" \/>\n\t<meta name=\"twitter:data1\" content=\"1 minute\" \/>\n<script type=\"application\/ld+json\" class=\"yoast-schema-graph\">{\"@context\":\"https:\\\/\\\/schema.org\",\"@graph\":[{\"@type\":\"WebPage\",\"@id\":\"https:\\\/\\\/www.sengrandplace.com\\\/?product=cartouche-dencre-hp-938-jaune-qualite-professionnelle\",\"url\":\"https:\\\/\\\/www.sengrandplace.com\\\/?product=cartouche-dencre-hp-938-jaune-qualite-professionnelle\",\"name\":\"Cartouche d\u2019Encre HP 938 Jaune \u2013 Qualit\u00e9 Professionnelle - Sen Grand Place Thi\u00e8s\",\"isPartOf\":{\"@id\":\"https:\\\/\\\/www.sengrandplace.com\\\/#website\"},\"primaryImageOfPage\":{\"@id\":\"https:\\\/\\\/www.sengrandplace.com\\\/?product=cartouche-dencre-hp-938-jaune-qualite-professionnelle#primaryimage\"},\"image\":{\"@id\":\"https:\\\/\\\/www.sengrandplace.com\\\/?product=cartouche-dencre-hp-938-jaune-qualite-professionnelle#primaryimage\"},\"thumbnailUrl\":\"https:\\\/\\\/www.sengrandplace.com\\\/wp-content\\\/uploads\\\/2025\\\/12\\\/cartouche-d-encre-jaune-hp-938-originale-pour-des.webp\",\"datePublished\":\"2025-12-19T12:44:57+00:00\",\"dateModified\":\"2025-12-19T12:44:58+00:00\",\"breadcrumb\":{\"@id\":\"https:\\\/\\\/www.sengrandplace.com\\\/?product=cartouche-dencre-hp-938-jaune-qualite-professionnelle#breadcrumb\"},\"inLanguage\":\"fr-FR\",\"potentialAction\":[{\"@type\":\"ReadAction\",\"target\":[\"https:\\\/\\\/www.sengrandplace.com\\\/?product=cartouche-dencre-hp-938-jaune-qualite-professionnelle\"]}]},{\"@type\":\"ImageObject\",\"inLanguage\":\"fr-FR\",\"@id\":\"https:\\\/\\\/www.sengrandplace.com\\\/?product=cartouche-dencre-hp-938-jaune-qualite-professionnelle#primaryimage\",\"url\":\"https:\\\/\\\/www.sengrandplace.com\\\/wp-content\\\/uploads\\\/2025\\\/12\\\/cartouche-d-encre-jaune-hp-938-originale-pour-des.webp\",\"contentUrl\":\"https:\\\/\\\/www.sengrandplace.com\\\/wp-content\\\/uploads\\\/2025\\\/12\\\/cartouche-d-encre-jaune-hp-938-originale-pour-des.webp\",\"width\":700,\"height\":700},{\"@type\":\"BreadcrumbList\",\"@id\":\"https:\\\/\\\/www.sengrandplace.com\\\/?product=cartouche-dencre-hp-938-jaune-qualite-professionnelle#breadcrumb\",\"itemListElement\":[{\"@type\":\"ListItem\",\"position\":1,\"name\":\"Home\",\"item\":\"https:\\\/\\\/www.sengrandplace.com\\\/\"},{\"@type\":\"ListItem\",\"position\":2,\"name\":\"Shop\",\"item\":\"https:\\\/\\\/www.sengrandplace.com\\\/?page_id=11\"},{\"@type\":\"ListItem\",\"position\":3,\"name\":\"Cartouche d\u2019Encre HP 938 Jaune \u2013 Qualit\u00e9 Professionnelle\"}]},{\"@type\":\"WebSite\",\"@id\":\"https:\\\/\\\/www.sengrandplace.com\\\/#website\",\"url\":\"https:\\\/\\\/www.sengrandplace.com\\\/\",\"name\":\"Sen Grand Place Thi\u00e8s\",\"description\":\"La place qui vous revient.\",\"publisher\":{\"@id\":\"https:\\\/\\\/www.sengrandplace.com\\\/#organization\"},\"potentialAction\":[{\"@type\":\"SearchAction\",\"target\":{\"@type\":\"EntryPoint\",\"urlTemplate\":\"https:\\\/\\\/www.sengrandplace.com\\\/?s={search_term_string}\"},\"query-input\":{\"@type\":\"PropertyValueSpecification\",\"valueRequired\":true,\"valueName\":\"search_term_string\"}}],\"inLanguage\":\"fr-FR\"},{\"@type\":\"Organization\",\"@id\":\"https:\\\/\\\/www.sengrandplace.com\\\/#organization\",\"name\":\"Sen Grand Place Thi\u00e8s\",\"url\":\"https:\\\/\\\/www.sengrandplace.com\\\/\",\"logo\":{\"@type\":\"ImageObject\",\"inLanguage\":\"fr-FR\",\"@id\":\"https:\\\/\\\/www.sengrandplace.com\\\/#\\\/schema\\\/logo\\\/image\\\/\",\"url\":\"https:\\\/\\\/www.sengrandplace.com\\\/wp-content\\\/uploads\\\/2024\\\/01\\\/Logo_du_site-2.jpg\",\"contentUrl\":\"https:\\\/\\\/www.sengrandplace.com\\\/wp-content\\\/uploads\\\/2024\\\/01\\\/Logo_du_site-2.jpg\",\"width\":314,\"height\":98,\"caption\":\"Sen Grand Place Thi\u00e8s\"},\"image\":{\"@id\":\"https:\\\/\\\/www.sengrandplace.com\\\/#\\\/schema\\\/logo\\\/image\\\/\"}}]}<\/script>\n<!-- \/ Yoast SEO plugin. -->","yoast_head_json":{"title":"Cartouche d\u2019Encre HP 938 Jaune \u2013 Qualit\u00e9 Professionnelle - Sen Grand Place Thi\u00e8s","robots":{"index":"index","follow":"follow","max-snippet":"max-snippet:-1","max-image-preview":"max-image-preview:large","max-video-preview":"max-video-preview:-1"},"canonical":"https:\/\/www.sengrandplace.com\/?product=cartouche-dencre-hp-938-jaune-qualite-professionnelle","og_locale":"fr_FR","og_type":"article","og_title":"Cartouche d\u2019Encre HP 938 Jaune \u2013 Qualit\u00e9 Professionnelle - Sen Grand Place Thi\u00e8s","og_description":"La cartouche originale HP 938 Jaune offre des impressions nettes et \u00e9clatantes, sp\u00e9cialement con\u00e7ue pour les utilisateurs professionnels qui souhaitent des documents et pr\u00e9sentations aux couleurs fid\u00e8les et durables.","og_url":"https:\/\/www.sengrandplace.com\/?product=cartouche-dencre-hp-938-jaune-qualite-professionnelle","og_site_name":"Sen Grand Place Thi\u00e8s","article_modified_time":"2025-12-19T12:44:58+00:00","og_image":[{"width":700,"height":700,"url":"https:\/\/www.sengrandplace.com\/wp-content\/uploads\/2025\/12\/cartouche-d-encre-jaune-hp-938-originale-pour-des.webp","type":"image\/webp"}],"twitter_card":"summary_large_image","twitter_misc":{"Dur\u00e9e de lecture estim\u00e9e":"1 minute"},"schema":{"@context":"https:\/\/schema.org","@graph":[{"@type":"WebPage","@id":"https:\/\/www.sengrandplace.com\/?product=cartouche-dencre-hp-938-jaune-qualite-professionnelle","url":"https:\/\/www.sengrandplace.com\/?product=cartouche-dencre-hp-938-jaune-qualite-professionnelle","name":"Cartouche d\u2019Encre HP 938 Jaune \u2013 Qualit\u00e9 Professionnelle - Sen Grand Place Thi\u00e8s","isPartOf":{"@id":"https:\/\/www.sengrandplace.com\/#website"},"primaryImageOfPage":{"@id":"https:\/\/www.sengrandplace.com\/?product=cartouche-dencre-hp-938-jaune-qualite-professionnelle#primaryimage"},"image":{"@id":"https:\/\/www.sengrandplace.com\/?product=cartouche-dencre-hp-938-jaune-qualite-professionnelle#primaryimage"},"thumbnailUrl":"https:\/\/www.sengrandplace.com\/wp-content\/uploads\/2025\/12\/cartouche-d-encre-jaune-hp-938-originale-pour-des.webp","datePublished":"2025-12-19T12:44:57+00:00","dateModified":"2025-12-19T12:44:58+00:00","breadcrumb":{"@id":"https:\/\/www.sengrandplace.com\/?product=cartouche-dencre-hp-938-jaune-qualite-professionnelle#breadcrumb"},"inLanguage":"fr-FR","potentialAction":[{"@type":"ReadAction","target":["https:\/\/www.sengrandplace.com\/?product=cartouche-dencre-hp-938-jaune-qualite-professionnelle"]}]},{"@type":"ImageObject","inLanguage":"fr-FR","@id":"https:\/\/www.sengrandplace.com\/?product=cartouche-dencre-hp-938-jaune-qualite-professionnelle#primaryimage","url":"https:\/\/www.sengrandplace.com\/wp-content\/uploads\/2025\/12\/cartouche-d-encre-jaune-hp-938-originale-pour-des.webp","contentUrl":"https:\/\/www.sengrandplace.com\/wp-content\/uploads\/2025\/12\/cartouche-d-encre-jaune-hp-938-originale-pour-des.webp","width":700,"height":700},{"@type":"BreadcrumbList","@id":"https:\/\/www.sengrandplace.com\/?product=cartouche-dencre-hp-938-jaune-qualite-professionnelle#breadcrumb","itemListElement":[{"@type":"ListItem","position":1,"name":"Home","item":"https:\/\/www.sengrandplace.com\/"},{"@type":"ListItem","position":2,"name":"Shop","item":"https:\/\/www.sengrandplace.com\/?page_id=11"},{"@type":"ListItem","position":3,"name":"Cartouche d\u2019Encre HP 938 Jaune \u2013 Qualit\u00e9 Professionnelle"}]},{"@type":"WebSite","@id":"https:\/\/www.sengrandplace.com\/#website","url":"https:\/\/www.sengrandplace.com\/","name":"Sen Grand Place Thi\u00e8s","description":"La place qui vous revient.","publisher":{"@id":"https:\/\/www.sengrandplace.com\/#organization"},"potentialAction":[{"@type":"SearchAction","target":{"@type":"EntryPoint","urlTemplate":"https:\/\/www.sengrandplace.com\/?s={search_term_string}"},"query-input":{"@type":"PropertyValueSpecification","valueRequired":true,"valueName":"search_term_string"}}],"inLanguage":"fr-FR"},{"@type":"Organization","@id":"https:\/\/www.sengrandplace.com\/#organization","name":"Sen Grand Place Thi\u00e8s","url":"https:\/\/www.sengrandplace.com\/","logo":{"@type":"ImageObject","inLanguage":"fr-FR","@id":"https:\/\/www.sengrandplace.com\/#\/schema\/logo\/image\/","url":"https:\/\/www.sengrandplace.com\/wp-content\/uploads\/2024\/01\/Logo_du_site-2.jpg","contentUrl":"https:\/\/www.sengrandplace.com\/wp-content\/uploads\/2024\/01\/Logo_du_site-2.jpg","width":314,"height":98,"caption":"Sen Grand Place Thi\u00e8s"},"image":{"@id":"https:\/\/www.sengrandplace.com\/#\/schema\/logo\/image\/"}}]}},"_links":{"self":[{"href":"https:\/\/www.sengrandplace.com\/index.php?rest_route=\/wp\/v2\/product\/11615","targetHints":{"allow":["GET"]}}],"collection":[{"href":"https:\/\/www.sengrandplace.com\/index.php?rest_route=\/wp\/v2\/product"}],"about":[{"href":"https:\/\/www.sengrandplace.com\/index.php?rest_route=\/wp\/v2\/types\/product"}],"replies":[{"embeddable":true,"href":"https:\/\/www.sengrandplace.com\/index.php?rest_route=%2Fwp%2Fv2%2Fcomments&post=11615"}],"version-history":[{"count":1,"href":"https:\/\/www.sengrandplace.com\/index.php?rest_route=\/wp\/v2\/product\/11615\/revisions"}],"predecessor-version":[{"id":11617,"href":"https:\/\/www.sengrandplace.com\/index.php?rest_route=\/wp\/v2\/product\/11615\/revisions\/11617"}],"wp:featuredmedia":[{"embeddable":true,"href":"https:\/\/www.sengrandplace.com\/index.php?rest_route=\/wp\/v2\/media\/11616"}],"wp:attachment":[{"href":"https:\/\/www.sengrandplace.com\/index.php?rest_route=%2Fwp%2Fv2%2Fmedia&parent=11615"}],"wp:term":[{"taxonomy":"product_brand","embeddable":true,"href":"https:\/\/www.sengrandplace.com\/index.php?rest_route=%2Fwp%2Fv2%2Fproduct_brand&post=11615"},{"taxonomy":"product_cat","embeddable":true,"href":"https:\/\/www.sengrandplace.com\/index.php?rest_route=%2Fwp%2Fv2%2Fproduct_cat&post=11615"},{"taxonomy":"product_tag","embeddable":true,"href":"https:\/\/www.sengrandplace.com\/index.php?rest_route=%2Fwp%2Fv2%2Fproduct_tag&post=11615"}],"curies":[{"name":"wp","href":"https:\/\/api.w.org\/{rel}","templated":true}]}}